r(i) = -8337*i + 41771. What is r(5)?
86
Let q(d) = 7208*d - 5319524. Determine q(738).
-20
Let t(k) = 2*k**3 + 307*k**2 - 32*k - 28278. What is t(-153)?
27
Let b(h) = -2*h**2 - 322*h - 8701. What is b(-36)?
299
Let n(k) = 4*k**3 - k**2 - 37*k + 180. Calculate n(4).
272
Let g(t) = 28493*t + 4786822. What is g(-168)?
-2
Let b(o) = o**2 + 261*o + 10417. Calculate b(-48).
193
Let i(j) = 9593*j + 47994. What is i(-5)?
29
Let l(h) = -13343*h + 1374291. Give l(103).
-38
Let f(k) = k**2 + 210*k - 33490. What is f(106)?
6
Let t(l) = l**3 + 152*l**2 + 69*l + 10494. Calculate t(-152).
6
Let h(w) = 5*w**2 + 134*w + 69. Give h(-42).
3261
Let y(t) = t**3 - 18*t**2 - 208*t + 2202. What is y(10)?
-678
Let i(q) = -67*q**2 + 128*q + 313. Determine i(-2).
-211
Let l(i) = -i**3 + 45*i**2 - 262*i - 727. Give l(10).
153
Let o(j) = -j**2 - 54*j + 918. Give o(-65).
203
Let j(w) = 6500*w + 3191511. What is j(-491)?
11
Let c(g) = 2*g**3 + 72*g**2 - 153*g - 2526. Give c(-37).
397
Let k(g) = 3*g**2 + 444*g - 419. Give k(1).
28
Let n(a) = -a**3 - 296*a**2 - 4688*a + 15338. What is n(-279)?
-7
Let i(p) = -1398*p + 8332. What is i(5)?
1342
Let n(p) = p**3 + 36*p**2 + 126*p + 92. Calculate n(-32).
156
Let j(a) = a**3 + 29*a**2 + 144*a + 365. Determine j(-14).
1289
Let h(s) = s**3 - 151*s**2 - 123*s - 3791. Determine h(152).
617
Let t(y) = -528*y - 84474. Calculate t(-160).
6
Let z(l) = 19515*l - 156110. Give z(8).
10
Let y(u) = -u**3 - 15*u**2 + 121. Calculate y(-13).
-217
Let b(y) = 4*y**2 - 4617*y - 41885. What is b(-9)?
-8
Let a(v) = -33037*v + 528495. Give a(16).
-97
Let c(g) = -99*g - 1398. Determine c(-15).
87
Let y(d) = -24*d**2 - 2336*d - 3092. Give y(-96).
-20
Let b(d) = 139*d - 219. What is b(2)?
59
Let z(w) = -w**2 - 577*w + 91915. Give z(130).
5
Let q(h) = h**2 + 177*h - 79038. Give q(-384).
450
Let h(s) = 296050*s + 8881507. Determine h(-30).
7
Let t(h) = 4*h**2 - 290*h - 48. Determine t(73).
98
Let q(y) = 389*y**2 - 2284*y - 12. Give q(7).
3061
Let g(t) = -8787*t - 1054451. Give g(-120).
-11
Let r(q) = -7*q**2 - 4032*q - 74106. Give r(-557).
-25
Let n(y) = -2*y**2 + 86*y + 278. Calculate n(44).
190
Let y(s) = -21*s**3 - 49*s**2 - 122*s + 83. Calculate y(-3).
575
Let l(k) = -200210*k - 200341. Determine l(-1).
-131
Let m(d) = -4*d**3 - 301*d**2 + 1966*d - 88. Calculate m(6).
8
Let q(a) = 13*a**3 + 93*a**2 - 21*a - 239. Determine q(-7).
6
Let o(l) = 5*l - 1214. What is o(-18)?
-1304
Let d(u) = -21*u**2 - u - 792. Determine d(-12).
-3804
Let p(l) = 29*l**2 + 190*l + 121. What is p(-5)?
-104
Let w(i) = 3309*i - 31174. What is w(9)?
-1393
Let c(x) = 5*x**3 - 6*x**2 + 360*x + 2382. Calculate c(-6).
-1074
Let x(k) = -36162*k + 325521. Calculate x(9).
63
Let o(w) = w**3 + 194*w**2 - 1393*w + 2733. Determine o(-201).
-81
Let p(r) = -1211*r - 6362. Give p(-5).
-307
Let y(q) = 857*q**2 - 13698*q - 66. Calculate y(16).
158
Let l(j) = j**2 + 652*j - 436901. Determine l(411).
-8
Let d(z) = -5937*z - 219641. Give d(-37).
28
Let y(d) = 8*d**2 - 78*d - 294. What is y(14)?
182
Let u(s) = 14736*s + 162083. Calculate u(-11).
-13
Let s(k) = -369*k**2 + 173860*k - 28735. Determine s(471).
-4
Let s(l) = -l**3 - 122*l**2 + 369*l - 1012. Give s(-125).
-262
Let k(c) = 3536*c - 53145. Determine k(15).
-105
Let p(l) = -3239*l + 42130. Calculate p(13).
23
Let j(l) = 1872*l + 3086. Give j(-2).
-658
Let n(d) = -461751*d - 4617530. What is n(-10)?
-20
Let z(p) = 8*p**2 - 59*p - 77809. Determine z(-95).
-4
Let b(k) = 289*k + 11901. Calculate b(-41).
52
Let g(f) = -8*f**3 + 47*f**2 - 7*f + 8. Calculate g(-2).
274
Let z(n) = -57*n - 8942. Give z(-114).
-2444
Let s(y) = -2*y**2 - 1574*y + 236356. What is s(-916)?
28
Let z(p) = -7*p**2 - 241*p + 28644. What is z(49)?
28
Let d(f) = -2*f**3 + 292*f**2 - 156*f - 19433. Give d(145).
-3
Let i(a) = 38*a**2 - 158*a - 2458. Determine i(-14).
7202
Let k(o) = 13880*o - 83020. Determine k(6).
260
Let i(v) = -v**3 + 78*v**2 - 1133*v - 3647. Calculate i(57).
1
Let q(t) = -651*t - 53432. Calculate q(-82).
-50
Let w(i) = -2015*i + 165242. Give w(82).
12
Let z(g) = -2*g**2 - 4092*g - 12270. Determine z(-3).
-12
Let t(o) = -45*o**2 - 96*o + 196. Give t(2).
-176
Let k(a) = -33654*a - 302865. What is k(-9)?
21
Let f(p) = 6*p**3 - 135*p**2 - 194*p - 530. Give f(24).
-2
Let i(o) = -17*o**2 + 3058*o + 817. Give i(180).
457
Let j(w) = -6*w**3 - 3*w**2 + 162*w - 160. Calculate j(1).
-7
Let h(n) = 62*n**2 - 102*n - 11. What is h(0)?
-11
Let d(v) = 255509*v - 511024. Determine d(2).
-6
Let g(s) = -4*s**2 - 1152*s - 17387. Give g(-272).
21
Let t(b) = 7*b + 1316. Give t(-47).
987
Let x(y) = y**3 - 6*y**2 - 3317*y + 13299. What is x(4)?
-1
Let c(y) = 25577*y - 255078. Give c(10).
692
Let s(h) = 91*h - 8093. What is s(93)?
370
Let z(v) = -23*v**3 - 16*v**2 + 5*v + 17. Determine z(-4).
1213
Let d(k) = -3418*k + 191312. Calculate d(56).
-96
Let w(g) = -22*g**2 + 10107*g + 61406. What is w(-6)?
-28
Let t(z) = -2*z**2 + 65*z - 813. Give t(14).
-295
Let d(u) = 155*u**3 + 264*u**2 + 68*u + 2. What is d(-2)?
-318
Let a(o) = -o**3 + 123*o**2 - 2187*o + 10520. Give a(11).
15
Let i(y) = -5636*y + 50511. Give i(9).
-213
Let c(a) = -11*a**3 + 28*a**2 + 4*a - 16. Calculate c(3).
-49
Let r(t) = 5*t**3 + 966*t**2 - 5777*t - 1199. Determine r(-199).
-5
Let o(x) = -x**2 - 164*x - 1532. Determine o(-161).
-1049
Let o(z) = -2562*z + 31576. Give o(12).
832
Let t(h) = -6704*h + 20139. Calculate t(3).
27
Let r(a) = 26*a**2 - 509*a - 4849. Determine r(-7).
-12
Let u(r) = -r**3 - 17*r**2 - 40*r - 1424. Give u(-18).
-380
Let r(m) = -2*m**2 - 225*m - 1527. Give r(-104).
241
Let u(n) = n**3 - 20*n**2 - 538*n + 9133. What is u(17)?
-880
Let r(i) = 15984*i - 31974. Give r(2).
-6
Let n(i) = 916*i - 219853. Calculate n(240).
-13
Let u(v) = 81799*v - 3680928. Give u(45).
27
Let o(y) = 2*y**3 - 65*y**2 - 81*y + 1125. Determine o(33).
-459
Let w(f) = 442*f + 4547. What is w(-12)?
-757
Let b(d) = -67*d**2 - 7371*d + 103. Calculate b(-110).
213
Let m(x) = 2*x**3 + 117*x**2 + 1160*x + 17. What is m(-10)?
-1883
Let t(c) = 11974*c - 240310. Determine t(20).
-830
Let t(l) = 3323*l - 36559. What is t(11)?
-6
Let u(p) = -p**2 + 187036*p - 935154. Give u(5).
1
Let l(u) = -35*u**2 + 18831*u - 549. Calculate l(538).
-11
Let t(o) = 81281*o - 731543. Calculate t(9).
-14
Let l(x) = 138*x + 889. What is l(-4)?
337
Let a(q) = -75*q + 2160. Determine a(16).
960
Let s(h) = 3487*h + 132524. Determine s(-38).
18
Let t(h) = h**3 - 91*h**2 + 339*h + 1026. What is t(87)?
243
Let p(l) = 21*l**3 + 43*l**2 + 50*l + 92. Calculate p(-2).
-4
Let t(k) = -3*k**3 + 755*k**2 - 520*k + 1447. Calculate t(251).
-3071
Let x(u) = 596*u - 72154. What is x(121)?
-38
Let p(w) = 1439751*w - 8638535. Give p(6).
-29
Let z(h) = -10*h**3 + 17*h**2 - 227*h + 458. What is z(2)?
-8
Let n(q) = 117996*q - 6843776. Calculate n(58).
-8
Let v(w) = 695*w**2 - 5558*w + 2. What is v(8)?
18
Let q(d) = 73339*d + 440032. What is q(-6)?
-2
Let u(x) = -22*x**2 + 126*x + 2256. What is u(16)?
-1360
Let v(q) = 366*q**2 - 4049*q + 227. Determine v(11).
-26
Let o(m) = 4*m**3 - 910*m**2 + 28496*m + 766. Give o(190).
6
Let i(d) = 9*d**2 - 113072*d + 339206. Determine i(3).
71
Let t(l) = -6*l**2 + 35*l - 61. What is t(8)?
-165
Let d(c) = -10808*c + 86409. What is d(8)?
-55
Let v(j) = j**2 - 775*j + 127429. What is v(538)?
-77
Let w(x) = 1924606*x + 1. Calculate w(0).
1
Let q(z) = -9*z**2 + 48*z + 114. Determine q(-2).
-18
Let l(y) = 145*y**2 - 718*y + 4. Give l(3).
-845
Let t(h) = 12*h**2 - 509*h + 5778. Determine t(22).
388
Let r(a) = 2920*a - 11652. Give r(4).
28
Let v(d) = -16*d**2 - 775*d - 12780. Give v(-16).
-4476
Let i(k) = k**2 + 3111*k + 715160. Determine i(-250).
-90
Let c(m) = m**3 + 13*m**2 + 20*m + 59. Calculate c(-12).
-37
Let l(b) = 13*b**2 - 5030*b + 168285. Give l(37).
-28
Let o(i) = 9*i**2 - 3627*i - 14595. Determine o(-4).
57
Let n(a) = 11*a**3 + 93*a**2 + 337*a + 3512. What is n(-9)?
-7
Let u(g) = -g**3 + 35*g**2 + 5091*g + 171. What is u(91)?
-284
Let o(x) = -2*x**2 - 262*x + 3340. Give o(13).
-404
Let z(y) = 58*y**2 + 73*y + 131. Determine z(-2).
217
Let l(d) = 2*d**3 + 135*d**2 + 456*d + 504. Calculate l(-64).
-8
Let a(i) = 5*i**2 + 569*i - 91713. Calculate a(90).
-3
Let c(l) = -120*l**2 - 15004*l - 503. Determine c(-125).
-3
Let f(y) = -9401*y + 319